{"id":3,"date":"2023-04-14T02:20:33","date_gmt":"2023-04-14T02:20:33","guid":{"rendered":"http:\/\/www.iptvtemplate.shop\/?page_id=3"},"modified":"2024-10-04T03:45:23","modified_gmt":"2024-10-04T03:45:23","slug":"privacy-policy","status":"publish","type":"page","link":"https:\/\/aerotv.fr\/home\/privacy-policy\/","title":{"rendered":"Politique de confidentialit\u00e9"},"content":{"rendered":"\t\t<div data-elementor-type=\"wp-page\" data-elementor-id=\"3\" class=\"elementor elementor-3\" data-elementor-post-type=\"page\">\n\t\t\t\t<div class=\"elementor-element elementor-element-330f017 e-flex e-con-boxed e-con e-parent\" data-id=\"330f017\" data-element_type=\"container\" data-e-type=\"container\" data-settings=\"{&quot;background_background&quot;:&quot;classic&quot;}\">\n\t\t\t\t\t<div class=\"e-con-inner\">\n\t\t\t\t<div class=\"elementor-element elementor-element-d062771 elementor-widget elementor-widget-spacer\" data-id=\"d062771\" data-element_type=\"widget\" data-e-type=\"widget\" data-widget_type=\"spacer.default\">\n\t\t\t\t<div class=\"elementor-widget-container\">\n\t\t\t\t\t\t\t<div class=\"elementor-spacer\">\n\t\t\t<div class=\"elementor-spacer-inner\"><\/div>\n\t\t<\/div>\n\t\t\t\t\t\t<\/div>\n\t\t\t\t<\/div>\n\t\t\t\t\t<\/div>\n\t\t\t\t<\/div>\n\t\t<div class=\"elementor-element elementor-element-23a0198e e-flex e-con-boxed e-con e-parent\" data-id=\"23a0198e\" data-element_type=\"container\" data-e-type=\"container\" data-settings=\"{&quot;background_background&quot;:&quot;classic&quot;}\">\n\t\t\t\t\t<div class=\"e-con-inner\">\n\t\t\t\t<div class=\"elementor-element elementor-element-1edc08f elementor-widget elementor-widget-heading\" data-id=\"1edc08f\" data-element_type=\"widget\" data-e-type=\"widget\" data-widget_type=\"heading.default\">\n\t\t\t\t<div class=\"elementor-widget-container\">\n\t\t\t\t\t<h2 class=\"elementor-heading-title elementor-size-default\">Politique de remboursement et de renvoi\n<\/h2>\t\t\t\t<\/div>\n\t\t\t\t<\/div>\n\t\t\t\t<div class=\"elementor-element elementor-element-7805804a elementor-widget elementor-widget-text-editor\" data-id=\"7805804a\" data-element_type=\"widget\" data-e-type=\"widget\" data-widget_type=\"text-editor.default\">\n\t\t\t\t<div class=\"elementor-widget-container\">\n\t\t\t\t\t\t\t\t\t\n<h4><strong>1. Conditions g\u00e9n\u00e9rales<\/strong><\/h4>\n<p>Nous nous engageons \u00e0 offrir des services de haute qualit\u00e9 \u00e0 tous nos clients. Toutefois, en raison de la nature des produits num\u00e9riques, certaines conditions s&#8217;appliquent aux remboursements et aux retours.<\/p>\n<p>\u00a0<\/p>\n<h4><strong>2. \u00c9ligibilit\u00e9 au remboursement<\/strong><\/h4>\n<ul>\n<li>Les remboursements sont possibles uniquement dans les <strong>7 jours suivant l&#8217;achat<\/strong>.<\/li>\n<li>Aucun remboursement ne sera accord\u00e9 apr\u00e8s que le client a utilis\u00e9 plus de <strong>20% du quota de son abonnement<\/strong>.<\/li>\n<li>Si vous rencontrez des probl\u00e8mes techniques ou d&#8217;acc\u00e8s \u00e0 nos services, nous vous encourageons \u00e0 contacter notre service client avant de demander un remboursement. Nous ferons de notre mieux pour r\u00e9soudre le probl\u00e8me.<\/li>\n<\/ul>\n<p>\u00a0<\/p>\n<h4><strong>3. Non-remboursable<\/strong><\/h4>\n<ul>\n<li>Tout abonnement qui a \u00e9t\u00e9 <strong>activ\u00e9 et utilis\u00e9<\/strong> au-del\u00e0 de 20% de sa dur\u00e9e ne pourra \u00eatre rembours\u00e9.<\/li>\n<li>Les <strong>abonnements d&#8217;essai<\/strong>, ainsi que les offres promotionnelles ou r\u00e9duites, ne sont pas \u00e9ligibles \u00e0 un remboursement.<\/li>\n<\/ul>\n<p>\u00a0<\/p>\n<h4><strong>4. Proc\u00e9dure de demande de remboursement<\/strong><\/h4>\n<p>Pour demander un remboursement, veuillez suivre ces \u00e9tapes :<\/p>\n<ol>\n<li>Contactez notre service client \u00e0 l\u2019adresse <strong><a rel=\"noopener\">support@earptv.com<\/a><\/strong> en indiquant votre num\u00e9ro de commande et une br\u00e8ve explication du probl\u00e8me.<\/li>\n<li>Notre \u00e9quipe \u00e9valuera votre demande et vous r\u00e9pondra dans un d\u00e9lai de <strong>48 heures<\/strong>.<\/li>\n<li>Si la demande est accept\u00e9e, le remboursement sera trait\u00e9 dans un d\u00e9lai de <strong>5 \u00e0 7 jours ouvrables<\/strong> via la m\u00e9thode de paiement initiale.<\/li>\n<\/ol>\n<p>\u00a0<\/p>\n<h4><strong>5. Probl\u00e8mes techniques<\/strong><\/h4>\n<p>Si vous rencontrez des <strong>probl\u00e8mes techniques<\/strong> li\u00e9s \u00e0 l&#8217;acc\u00e8s ou \u00e0 l&#8217;utilisation de nos services IPTV, nous vous invitons \u00e0 consulter notre <strong>FAQ<\/strong> ou \u00e0 contacter notre service client avant de demander un remboursement.<\/p>\n<p>\u00a0<\/p>\n<p>\u00a0<\/p>\n<h4><strong>6. Modifications de la politique<\/strong><\/h4>\n<p>Nous nous r\u00e9servons le droit de modifier cette politique \u00e0 tout moment. Les modifications seront publi\u00e9es sur cette page, et il est de la responsabilit\u00e9 de nos clients de la consulter r\u00e9guli\u00e8rement.<\/p>\n<hr \/>\n<p><strong>Derni\u00e8re mise \u00e0 jour : 10\/4\/2024<\/strong><\/p>\n\t\t\t\t\t\t\t\t<\/div>\n\t\t\t\t<\/div>\n\t\t\t\t\t<\/div>\n\t\t\t\t<\/div>\n\t\t<div class=\"elementor-element elementor-element-1017f67 e-flex e-con-boxed e-con e-parent\" data-id=\"1017f67\" data-element_type=\"container\" data-e-type=\"container\" data-settings=\"{&quot;background_background&quot;:&quot;classic&quot;}\">\n\t\t\t\t\t<div class=\"e-con-inner\">\n\t\t\t\t<div class=\"elementor-element elementor-element-adefc51 elementor-widget elementor-widget-spacer\" data-id=\"adefc51\" data-element_type=\"widget\" data-e-type=\"widget\" data-widget_type=\"spacer.default\">\n\t\t\t\t<div class=\"elementor-widget-container\">\n\t\t\t\t\t\t\t<div class=\"elementor-spacer\">\n\t\t\t<div class=\"elementor-spacer-inner\"><\/div>\n\t\t<\/div>\n\t\t\t\t\t\t<\/div>\n\t\t\t\t<\/div>\n\t\t\t\t\t<\/div>\n\t\t\t\t<\/div>\n\t\t\t\t<section class=\"elementor-section elementor-top-section elementor-element elementor-element-4995b764 envato-kit-141-top-0 elementor-reverse-mobile elementor-hidden-tablet elementor-hidden-mobile elementor-section-boxed elementor-section-height-default elementor-section-height-default\" data-id=\"4995b764\" data-element_type=\"section\" data-e-type=\"section\" data-settings=\"{&quot;background_background&quot;:&quot;classic&quot;}\">\n\t\t\t\t\t\t\t<div class=\"elementor-background-overlay\"><\/div>\n\t\t\t\t\t\t\t<div class=\"elementor-container elementor-column-gap-wider\">\n\t\t\t\t\t<div class=\"elementor-column elementor-col-50 elementor-top-column elementor-element elementor-element-4397639f elementor-invisible\" data-id=\"4397639f\" data-element_type=\"column\" data-e-type=\"column\" data-settings=\"{&quot;background_background&quot;:&quot;classic&quot;,&quot;animation&quot;:&quot;pulse&quot;,&quot;animation_delay&quot;:400}\">\n\t\t\t<div class=\"elementor-widget-wrap elementor-element-populated\">\n\t\t\t\t\t\t<div class=\"elementor-element elementor-element-760319dc elementor-widget elementor-widget-heading\" data-id=\"760319dc\" data-element_type=\"widget\" data-e-type=\"widget\" data-widget_type=\"heading.default\">\n\t\t\t\t<div class=\"elementor-widget-container\">\n\t\t\t\t\t<h2 class=\"elementor-heading-title elementor-size-default\">Copyright \u00a9 2018-2024. Aerotv<\/h2>\t\t\t\t<\/div>\n\t\t\t\t<\/div>\n\t\t\t\t\t<\/div>\n\t\t<\/div>\n\t\t\t\t<div class=\"elementor-column elementor-col-50 elementor-top-column elementor-element elementor-element-5821ef1b elementor-invisible\" data-id=\"5821ef1b\" data-element_type=\"column\" data-e-type=\"column\" data-settings=\"{&quot;animation&quot;:&quot;fadeIn&quot;,&quot;animation_delay&quot;:100}\">\n\t\t\t<div class=\"elementor-widget-wrap elementor-element-populated\">\n\t\t\t\t\t\t<div class=\"elementor-element elementor-element-59df4a95 elementor-widget elementor-widget-image\" data-id=\"59df4a95\" data-element_type=\"widget\" data-e-type=\"widget\" data-widget_type=\"image.default\">\n\t\t\t\t<div class=\"elementor-widget-container\">\n\t\t\t\t\t\t\t\t\t\t\t\t\t\t\t<img decoding=\"async\" width=\"288\" height=\"27\" src=\"https:\/\/aerotv.fr\/wp-content\/uploads\/2024\/01\/payment-icons-1.svg\" class=\"attachment-large size-large wp-image-3673\" alt=\"\" \/>\t\t\t\t\t\t\t\t\t\t\t\t\t\t\t<\/div>\n\t\t\t\t<\/div>\n\t\t\t\t\t<\/div>\n\t\t<\/div>\n\t\t\t\t\t<\/div>\n\t\t<\/section>\n\t\t\t\t<\/div>\n\t\t","protected":false},"excerpt":{"rendered":"<p>Politique de remboursement et de renvoi 1. Conditions g\u00e9n\u00e9rales Nous nous engageons \u00e0 offrir des services de haute qualit\u00e9 \u00e0 tous nos clients. Toutefois, en raison de la nature des produits num\u00e9riques, certaines conditions s&#8217;appliquent aux remboursements et aux retours. \u00a0 2. \u00c9ligibilit\u00e9 au remboursement Les remboursements sont possibles uniquement dans les 7 jours suivant [&hellip;]<\/p>\n","protected":false},"author":3,"featured_media":0,"parent":0,"menu_order":0,"comment_status":"closed","ping_status":"closed","template":"","meta":{"_joinchat":[],"footnotes":""},"class_list":["post-3","page","type-page","status-publish","hentry"],"_links":{"self":[{"href":"https:\/\/aerotv.fr\/home\/wp-json\/wp\/v2\/pages\/3","targetHints":{"allow":["GET"]}}],"collection":[{"href":"https:\/\/aerotv.fr\/home\/wp-json\/wp\/v2\/pages"}],"about":[{"href":"https:\/\/aerotv.fr\/home\/wp-json\/wp\/v2\/types\/page"}],"author":[{"embeddable":true,"href":"https:\/\/aerotv.fr\/home\/wp-json\/wp\/v2\/users\/3"}],"replies":[{"embeddable":true,"href":"https:\/\/aerotv.fr\/home\/wp-json\/wp\/v2\/comments?post=3"}],"version-history":[{"count":7,"href":"https:\/\/aerotv.fr\/home\/wp-json\/wp\/v2\/pages\/3\/revisions"}],"predecessor-version":[{"id":6517,"href":"https:\/\/aerotv.fr\/home\/wp-json\/wp\/v2\/pages\/3\/revisions\/6517"}],"wp:attachment":[{"href":"https:\/\/aerotv.fr\/home\/wp-json\/wp\/v2\/media?parent=3"}],"curies":[{"name":"wp","href":"https:\/\/api.w.org\/{rel}","templated":true}]}}